{"id":15,"date":"2017-04-03T19:20:57","date_gmt":"2017-04-03T16:20:57","guid":{"rendered":"http:\/\/www.istanbuljeepsafari.com\/?page_id=15"},"modified":"2026-01-10T23:57:58","modified_gmt":"2026-01-10T20:57:58","slug":"iletisim","status":"publish","type":"page","link":"https:\/\/www.istanbuljeepsafari.com\/index.php\/iletisim\/","title":{"rendered":"\u0130leti\u015fim"},"content":{"rendered":"\n<div class=\"wp-block-group alignfull\"><div class=\"wp-block-group__inner-container is-layout-flow wp-block-group-is-layout-flow\">\n<div class=\"wp-block-group alignfull has-background\" style=\"margin-top:0;margin-bottom:0;padding-top:var(--wp--preset--spacing--superbspacing-xxlarge);padding-right:var(--wp--preset--spacing--superbspacing-small);padding-bottom:var(--wp--preset--spacing--superbspacing-xxlarge);padding-left:var(--wp--preset--spacing--superbspacing-small);background-image:url(&apos;https:\/\/www.istanbuljeepsafari.com\/wp-content\/uploads\/cta-4.jpg&apos;);background-size:cover;\"><div class=\"wp-block-group__inner-container is-layout-constrained wp-container-core-group-is-layout-c00f7cf5 wp-block-group-is-layout-constrained\">\n<div class=\"wp-block-group alignwide is-content-justification-center\"><div class=\"wp-block-group__inner-container is-layout-constrained wp-container-core-group-is-layout-fc97c47c wp-block-group-is-layout-constrained\">\n<div class=\"wp-block-group has-contrast-light-background-color has-background\" style=\"border-radius:24px;padding-top:var(--wp--preset--spacing--superbspacing-medium);padding-right:var(--wp--preset--spacing--superbspacing-medium);padding-bottom:var(--wp--preset--spacing--superbspacing-medium);padding-left:var(--wp--preset--spacing--superbspacing-medium)\"><div class=\"wp-block-group__inner-container is-layout-constrained wp-container-core-group-is-layout-54657c90 wp-block-group-is-layout-constrained\">\n<h3 class=\"wp-block-heading has-text-align-center has-primary-color has-text-color has-superbfont-small-font-size\">Bug\u00fcne kadar<\/h3>\n\n\n\n<p><\/p>\n\n\n\n<p class=\"has-text-align-center\"> neden bu deneyimi<\/p>\n\n\n\n<p class=\"has-text-align-center\">ya\u015famad\u0131m diyeceksiniz.<\/p>\n\n\n\n<h2 class=\"wp-block-heading has-text-align-center has-mono-1-color has-text-color has-superbfont-xlarge-font-size\">\u0130STANBUL<\/h2>\n\n\n\n<p><\/p>\n\n\n\n<p class=\"has-text-align-center\"> JEEP SAFAR\u0130<\/p>\n\n\n\n<div class=\"wp-block-buttons is-layout-flex wp-block-buttons-is-layout-flex\">\n<div class=\"wp-block-button\"><a class=\"wp-block-button__link wp-element-button\">ANADOLU YAKASI<\/a><\/div>\n<\/div>\n\n\n\n<p><\/p>\n\n\n\n<p class=\"has-text-align-center\">Pa\u015famand\u0131ra Caddesi<\/p>\n\n\n\n<p class=\"has-text-align-center\">Kirazdere \u00c7\u0131kmaz\u0131 No:4&nbsp;<\/p>\n\n\n\n<p class=\"has-text-align-center\">Soto&#8217;nun \u00c7iftli\u011fi&nbsp; Pa\u015famand\u0131ra K\u00f6y\u00fc<\/p>\n\n\n\n<p class=\"has-text-align-center\">Beykoz \/ \u0130STANBUL<\/p>\n\n\n\n<p class=\"has-text-align-center\">+90543 234 36 10<\/p>\n\n\n\n<div class=\"wp-block-buttons is-layout-flex wp-block-buttons-is-layout-flex\">\n<div class=\"wp-block-button\"><a class=\"wp-block-button__link wp-element-button\">AVRUPA YAKASI<\/a><\/div>\n<\/div>\n\n\n\n<p><\/p>\n\n\n\n<p class=\"has-text-align-center\">Kemerburgaz, Selanik Blv.<\/p>\n\n\n\n<p class=\"has-text-align-center\">No:151, 34075<\/p>\n\n\n\n<p class=\"has-text-align-center\">Ey\u00fcpsultan\/\u0130stanbul<\/p>\n\n\n\n<p class=\"has-text-align-center\">+90543 234 36 10<\/p>\n\n\n<\/div><\/div>\n<\/div><\/div>\n<\/div><\/div>\n<\/div><\/div>\n\n\n\n\n\n<iframe loading=\"lazy\" src=\"https:\/\/yandex.com.tr\/map-widget\/v1\/?z=12&amp;ol=biz&amp;oid=93440222947\" width=\"560\" height=\"400\" frameborder=\"0\"><\/iframe>\n\n\n\n<div class=\"wp-block-group alignfull\"><div class=\"wp-block-group__inner-container is-layout-flow wp-block-group-is-layout-flow\"><\/div><\/div>\n\n\n\n<p><\/p>\n","protected":false},"excerpt":{"rendered":"<p>Bug\u00fcne kadar neden bu deneyimi ya\u015famad\u0131m diyeceksiniz. \u0130STANBUL JEEP SAFAR\u0130 Pa\u015famand\u0131ra Caddesi Kirazdere \u00c7\u0131kmaz\u0131 No:4&nbsp; Soto&#8217;nun \u00c7iftli\u011fi&nbsp; Pa\u015famand\u0131ra K\u00f6y\u00fc Beykoz \/ \u0130STANBUL +90543 234 36 10 Kemerburgaz, Selanik Blv. No:151, 34075 Ey\u00fcpsultan\/\u0130stanbul +90543 234 36 10<\/p>\n","protected":false},"author":1,"featured_media":0,"parent":0,"menu_order":0,"comment_status":"closed","ping_status":"closed","template":"","meta":{"footnotes":""},"class_list":["post-15","page","type-page","status-publish","hentry"],"yoast_head":"<!-- This site is optimized with the Yoast SEO plugin v22.5 - https:\/\/yoast.com\/wordpress\/plugins\/seo\/ -->\n<title>\u0130leti\u015fim - Istanbul jeep safari<\/title>\n<meta name=\"robots\" content=\"index, follow, max-snippet:-1, max-image-preview:large, max-video-preview:-1\" \/>\n<link rel=\"canonical\" href=\"https:\/\/www.istanbuljeepsafari.com\/index.php\/iletisim\/\" \/>\n<meta property=\"og:locale\" content=\"tr_TR\" \/>\n<meta property=\"og:type\" content=\"article\" \/>\n<meta property=\"og:title\" content=\"\u0130leti\u015fim - Istanbul jeep safari\" \/>\n<meta property=\"og:description\" content=\"Bug\u00fcne kadar neden bu deneyimi ya\u015famad\u0131m diyeceksiniz. \u0130STANBUL JEEP SAFAR\u0130 Pa\u015famand\u0131ra Caddesi Kirazdere \u00c7\u0131kmaz\u0131 No:4&nbsp; Soto&#8217;nun \u00c7iftli\u011fi&nbsp; Pa\u015famand\u0131ra K\u00f6y\u00fc Beykoz \/ \u0130STANBUL +90543 234 36 10 Kemerburgaz, Selanik Blv. No:151, 34075 Ey\u00fcpsultan\/\u0130stanbul +90543 234 36 10\" \/>\n<meta property=\"og:url\" content=\"https:\/\/www.istanbuljeepsafari.com\/index.php\/iletisim\/\" \/>\n<meta property=\"og:site_name\" content=\"Istanbul jeep safari\" \/>\n<meta property=\"article:publisher\" content=\"https:\/\/www.facebook.com\/offroadjeepsafari\/\" \/>\n<meta property=\"article:modified_time\" content=\"2026-01-10T20:57:58+00:00\" \/>\n<meta name=\"twitter:card\" content=\"summary_large_image\" \/>\n<meta name=\"twitter:label1\" content=\"Tahmini okuma s\u00fcresi\" \/>\n\t<meta name=\"twitter:data1\" content=\"1 dakika\" \/>\n<script type=\"application\/ld+json\" class=\"yoast-schema-graph\">{\"@context\":\"https:\/\/schema.org\",\"@graph\":[{\"@type\":\"WebPage\",\"@id\":\"https:\/\/www.istanbuljeepsafari.com\/index.php\/iletisim\/\",\"url\":\"https:\/\/www.istanbuljeepsafari.com\/index.php\/iletisim\/\",\"name\":\"\u0130leti\u015fim - Istanbul jeep safari\",\"isPartOf\":{\"@id\":\"https:\/\/www.istanbuljeepsafari.com\/#website\"},\"datePublished\":\"2017-04-03T16:20:57+00:00\",\"dateModified\":\"2026-01-10T20:57:58+00:00\",\"breadcrumb\":{\"@id\":\"https:\/\/www.istanbuljeepsafari.com\/index.php\/iletisim\/#breadcrumb\"},\"inLanguage\":\"tr\",\"potentialAction\":[{\"@type\":\"ReadAction\",\"target\":[\"https:\/\/www.istanbuljeepsafari.com\/index.php\/iletisim\/\"]}]},{\"@type\":\"BreadcrumbList\",\"@id\":\"https:\/\/www.istanbuljeepsafari.com\/index.php\/iletisim\/#breadcrumb\",\"itemListElement\":[{\"@type\":\"ListItem\",\"position\":1,\"name\":\"Ana sayfa\",\"item\":\"https:\/\/www.istanbuljeepsafari.com\/\"},{\"@type\":\"ListItem\",\"position\":2,\"name\":\"\u0130leti\u015fim\"}]},{\"@type\":\"WebSite\",\"@id\":\"https:\/\/www.istanbuljeepsafari.com\/#website\",\"url\":\"https:\/\/www.istanbuljeepsafari.com\/\",\"name\":\"\u0130stanbul jeep safari\",\"description\":\"\u0130stanbul offroad\",\"publisher\":{\"@id\":\"https:\/\/www.istanbuljeepsafari.com\/#organization\"},\"potentialAction\":[{\"@type\":\"SearchAction\",\"target\":{\"@type\":\"EntryPoint\",\"urlTemplate\":\"https:\/\/www.istanbuljeepsafari.com\/?s={search_term_string}\"},\"query-input\":\"required name=search_term_string\"}],\"inLanguage\":\"tr\"},{\"@type\":\"Organization\",\"@id\":\"https:\/\/www.istanbuljeepsafari.com\/#organization\",\"name\":\"\u0130stanbul jeep safari\",\"url\":\"https:\/\/www.istanbuljeepsafari.com\/\",\"logo\":{\"@type\":\"ImageObject\",\"inLanguage\":\"tr\",\"@id\":\"https:\/\/www.istanbuljeepsafari.com\/#\/schema\/logo\/image\/\",\"url\":\"https:\/\/www.istanbuljeepsafari.com\/wp-content\/uploads\/1470411_10202608812960351_843300621_n.jpg\",\"contentUrl\":\"https:\/\/www.istanbuljeepsafari.com\/wp-content\/uploads\/1470411_10202608812960351_843300621_n.jpg\",\"width\":377,\"height\":350,\"caption\":\"\u0130stanbul jeep safari\"},\"image\":{\"@id\":\"https:\/\/www.istanbuljeepsafari.com\/#\/schema\/logo\/image\/\"},\"sameAs\":[\"https:\/\/www.facebook.com\/offroadjeepsafari\/\",\"https:\/\/www.instagram.com\/sotoburak\/?hl=tr\"]}]}<\/script>\n<!-- \/ Yoast SEO plugin. -->","yoast_head_json":{"title":"\u0130leti\u015fim - Istanbul jeep safari","robots":{"index":"index","follow":"follow","max-snippet":"max-snippet:-1","max-image-preview":"max-image-preview:large","max-video-preview":"max-video-preview:-1"},"canonical":"https:\/\/www.istanbuljeepsafari.com\/index.php\/iletisim\/","og_locale":"tr_TR","og_type":"article","og_title":"\u0130leti\u015fim - Istanbul jeep safari","og_description":"Bug\u00fcne kadar neden bu deneyimi ya\u015famad\u0131m diyeceksiniz. \u0130STANBUL JEEP SAFAR\u0130 Pa\u015famand\u0131ra Caddesi Kirazdere \u00c7\u0131kmaz\u0131 No:4&nbsp; Soto&#8217;nun \u00c7iftli\u011fi&nbsp; Pa\u015famand\u0131ra K\u00f6y\u00fc Beykoz \/ \u0130STANBUL +90543 234 36 10 Kemerburgaz, Selanik Blv. No:151, 34075 Ey\u00fcpsultan\/\u0130stanbul +90543 234 36 10","og_url":"https:\/\/www.istanbuljeepsafari.com\/index.php\/iletisim\/","og_site_name":"Istanbul jeep safari","article_publisher":"https:\/\/www.facebook.com\/offroadjeepsafari\/","article_modified_time":"2026-01-10T20:57:58+00:00","twitter_card":"summary_large_image","twitter_misc":{"Tahmini okuma s\u00fcresi":"1 dakika"},"schema":{"@context":"https:\/\/schema.org","@graph":[{"@type":"WebPage","@id":"https:\/\/www.istanbuljeepsafari.com\/index.php\/iletisim\/","url":"https:\/\/www.istanbuljeepsafari.com\/index.php\/iletisim\/","name":"\u0130leti\u015fim - Istanbul jeep safari","isPartOf":{"@id":"https:\/\/www.istanbuljeepsafari.com\/#website"},"datePublished":"2017-04-03T16:20:57+00:00","dateModified":"2026-01-10T20:57:58+00:00","breadcrumb":{"@id":"https:\/\/www.istanbuljeepsafari.com\/index.php\/iletisim\/#breadcrumb"},"inLanguage":"tr","potentialAction":[{"@type":"ReadAction","target":["https:\/\/www.istanbuljeepsafari.com\/index.php\/iletisim\/"]}]},{"@type":"BreadcrumbList","@id":"https:\/\/www.istanbuljeepsafari.com\/index.php\/iletisim\/#breadcrumb","itemListElement":[{"@type":"ListItem","position":1,"name":"Ana sayfa","item":"https:\/\/www.istanbuljeepsafari.com\/"},{"@type":"ListItem","position":2,"name":"\u0130leti\u015fim"}]},{"@type":"WebSite","@id":"https:\/\/www.istanbuljeepsafari.com\/#website","url":"https:\/\/www.istanbuljeepsafari.com\/","name":"\u0130stanbul jeep safari","description":"\u0130stanbul offroad","publisher":{"@id":"https:\/\/www.istanbuljeepsafari.com\/#organization"},"potentialAction":[{"@type":"SearchAction","target":{"@type":"EntryPoint","urlTemplate":"https:\/\/www.istanbuljeepsafari.com\/?s={search_term_string}"},"query-input":"required name=search_term_string"}],"inLanguage":"tr"},{"@type":"Organization","@id":"https:\/\/www.istanbuljeepsafari.com\/#organization","name":"\u0130stanbul jeep safari","url":"https:\/\/www.istanbuljeepsafari.com\/","logo":{"@type":"ImageObject","inLanguage":"tr","@id":"https:\/\/www.istanbuljeepsafari.com\/#\/schema\/logo\/image\/","url":"https:\/\/www.istanbuljeepsafari.com\/wp-content\/uploads\/1470411_10202608812960351_843300621_n.jpg","contentUrl":"https:\/\/www.istanbuljeepsafari.com\/wp-content\/uploads\/1470411_10202608812960351_843300621_n.jpg","width":377,"height":350,"caption":"\u0130stanbul jeep safari"},"image":{"@id":"https:\/\/www.istanbuljeepsafari.com\/#\/schema\/logo\/image\/"},"sameAs":["https:\/\/www.facebook.com\/offroadjeepsafari\/","https:\/\/www.instagram.com\/sotoburak\/?hl=tr"]}]}},"_links":{"self":[{"href":"https:\/\/www.istanbuljeepsafari.com\/index.php\/wp-json\/wp\/v2\/pages\/15","targetHints":{"allow":["GET"]}}],"collection":[{"href":"https:\/\/www.istanbuljeepsafari.com\/index.php\/wp-json\/wp\/v2\/pages"}],"about":[{"href":"https:\/\/www.istanbuljeepsafari.com\/index.php\/wp-json\/wp\/v2\/types\/page"}],"author":[{"embeddable":true,"href":"https:\/\/www.istanbuljeepsafari.com\/index.php\/wp-json\/wp\/v2\/users\/1"}],"replies":[{"embeddable":true,"href":"https:\/\/www.istanbuljeepsafari.com\/index.php\/wp-json\/wp\/v2\/comments?post=15"}],"version-history":[{"count":22,"href":"https:\/\/www.istanbuljeepsafari.com\/index.php\/wp-json\/wp\/v2\/pages\/15\/revisions"}],"predecessor-version":[{"id":416,"href":"https:\/\/www.istanbuljeepsafari.com\/index.php\/wp-json\/wp\/v2\/pages\/15\/revisions\/416"}],"wp:attachment":[{"href":"https:\/\/www.istanbuljeepsafari.com\/index.php\/wp-json\/wp\/v2\/media?parent=15"}],"curies":[{"name":"wp","href":"https:\/\/api.w.org\/{rel}","templated":true}]}}